ded by y.
20
Let a(h) = -5*h - 4. What is the remainder when 43 is divided by a(-3)?
10
Suppose 0 = 4*q - 9 - 159. What is the remainder when q is divided by 15?
12
Suppose -15 = -i - 5. Calculate the remainder when 29 is divided by i.
9
Let n(u) = 2 - 1 + 31*u**3 - 4*u**3. Let i = -20 + 21. What is the remainder when n(i) is divided by 15?
13
Let r = -10 + 19. Let y be 3*(2 + -2 + 1). Suppose 1 = 3*g - c - 53, 2*c = -y*g + 45. What is the remainder when g is divided by r?
8
Let w = 23 - 3. What is the remainder when w is divided by -21*(4/6)/(-2)?
6
Calculate the remainder when (6/(-15))/(1/(-15)) is divided by 5.
1
Suppose -2*j - 44 = -2*h, 0 = 3*h - 7*j + 3*j - 65. Calculate the remainder when 87 is divided by h.
18
Suppose 2*c = -2*z + 18, 5*z = 3 - 23. Calculate the remainder when 50 is divided by c.
11
Suppose 2*q - 4 = 2. Let u(n) = q*n + 3*n + 7 - 5*n. What is the remainder when 19 is divided by u(0)?
5
Let h(v) = v**2 + 3*v - 2. Let c = 13 + -9. Suppose -4*s + 4*n = 4 - 104, -c*n = -s + 34. Calculate the remainder when s is divided by h(2).
6
Suppose -j - l = -10 - 14, 0 = 3*l - 9. What is the remainder when 37 is divided by j?
16
Suppose 32 = 3*m - 10. Let f be (-2 - 6)*1/2. Calculate the remainder when (-2 - f)*81/6 is divided by m.
13
Suppose 0 = s, s - 34 = -2*p + 2*s. What is the remainder when p is divided by 7?
3
Calculate the remainder when 83 is divided by 0 - 1 - -25 - 3.
20
Suppose -3*a - 2 - 1 = -3*f, 5*f - 5 = a. Let x be a + -2*1 + 8. What is the remainder when (-207)/x*(-2)/3 is divided by 12?
11
Suppose -96*c = -91*c - 525. Let j(o) = 7*o - 1. What is the remainder when c is divided by j(4)?
24
Let m(v) = v**3 - 4*v**2 - 10*v - 1. Let g(a) = -2*a + 1. Let r be g(-3). Calculate the remainder when m(r) is divided by 26.
24
Let f be (-10)/(-4) + 6/4. Suppose -f*d = -17 - 3, -3*d + 30 = p. Calculate the remainder when 42 is divided by p.
12
Let v be (6/(-8))/(2/(-48)). Calculate the remainder when 47 is divided by ((-10)/(-15))/(1/v).
11
Suppose 192*d - 152 = 184*d. Suppose 150 = 2*p - a, -5*p - 2*a + 0*a + 366 = 0. Calculate the remainder when p is divided by d.
17
Let w = 9 + 3. What is the remainder when 47 is divided by w?
11
Let m(a) = 3*a**2 + 6*a + 5. Calculate the remainder when 39 is divided by m(-3).
11
Suppose 5*d - 249 + 39 = 0. What is the remainder when 125 is divided by d?
41
Suppose 3*s - 6 = -0. Calculate the remainder when s is divided by 2.
0
Suppose -9 = 5*s - 4. Let o = s + 2. Let r = o - -2. Calculate the remainder when 5 is divided by r.
2
Suppose -3*j - 28 = a - 85, 2*j = a + 33. Let q be (-4)/j - (-2)/9. Suppose q = -7*n + 4*n + 9. What is the remainder when 5 is divided by n?
2
Let z = 155 - 218. Let c = z + 90. What is the remainder when 107 is divided by c?
26
Suppose 9 = 5*w - u - 65, -32 = -2*w + u. Calculate the remainder when w is divided by 1 + 7 - (-1 - -1).
6
Suppose -y + 20 = -65. What is the remainder when y is divided by 29?
27
Suppose -5*l = -10*l + 105. Calculate the remainder when l is divided by 8.
5
Suppose 25 = 2*l + 3*l. Suppose l*h = -w + 2*w - 40, 4*h = 12. What is the remainder when w is divided by (-2)/(-3) + 110/6?
17
Suppose 4 = -3*a + 4*a. Suppose -2*v = -8, a*d - d = -3*v + 24. Suppose 116 = d*i + 16. What is the remainder when i is divided by 13?
12
Calculate the remainder when 130 is divided by (9 - 9) + -2 + 24.
20
Calculate the remainder when (50/3 - 4) + (-2)/(-6) is divided by 5.
3
Suppose 5*l = 3*b + 30, 1 - 91 = 5*b + 5*l. Let r be ((-1)/(-3))/((-1)/b). Suppose r*v + 24 - 69 = 0. Calculate the remainder when 25 is divided by v.
7
Suppose 7*y = 3*y + 5*b + 60, -5*y + 75 = 2*b. Suppose t = -0 + y. What is the remainder when t is divided by -2 + 0 + 1 + 9?
7
Suppose -2*y - 2*m = m - 17, 3*m = 3*y + 12. Let b = -6 - -6. Let i(v) = v**3 - v**2 + 3. What is the remainder when i(b) is divided by y?
0
Let j(c) = -c**3 - 2*c**2 + 6*c + 2. Calculate the remainder when 2/(26/(-9) + 3) is divided by j(-4).
8
Let b = 8 + 2. Suppose i = 5*i - 196. Calculate the remainder when i is divided by b.
9
Suppose w = -2*v - 11, -4*w + 0 = 4. Calculate the remainder when 19 is divided by (v + 0 + -2)*-1.
5
Calculate the remainder when 74 is divided by 0/(1/(1/(-2))) - -15.
14
Let v(b) = -b. Calculate the remainder when 8 is divided by v(-3).
2
Suppose 4*b = -4 + 100. Suppose 82 = 3*d - 5*j, 0 = -3*j - 2 - 4. Let w = d - 11. Calculate the remainder when b is divided by w.
11
Suppose 51 + 157 = 4*i. Let c = i + -19. Calculate the remainder when c is divided by 12.
9
Suppose 0*d = 3*d - 84. Let m = -3 - -18. What is the remainder when d is divided by m?
13
Let i = 9 - 2. Let j(s) = -3*s + 1. Let q be j(-1). Suppose -4*l = 2*f - 0*l - 18, 3*f - q*l = 77. What is the remainder when f is divided by i?
5
Let i(m) = -m**2 + 8*m - 7. What is the remainder when (-48)/(-3) - (2 - 0) is divided by i(6)?
4
Let u(h) = 2*h - 27. Calculate the remainder when u(21) is divided by 9.
6
Let s = -13 - -21. What is the remainder when 44 is divided by s?
4
Let k = -11 - -15. Suppose -k*f + 79 = w, -f - 4*w + 18 = 2. Calculate the remainder when f is divided by 7.
6
Let k(f) = 3*f**2 + 9*f + 13. Let d(a) be the third derivative of a**4/8 - 3*a**3/2 - 2*a**2. What is the remainder when k(-4) is divided by d(6)?
7
Let n be (-8)/(-2) + 15 + -23. Let b(f) = 5 + 3*f**2 - 5*f + 2*f + 10*f. What is the remainder when b(n) is divided by 9?
7
Suppose 5*u = 6*u - 3. What is the remainder when 5 is divided by u?
2
Let c = 65 - 62. Calculate the remainder when 12 is divided by c.
0
Let o(t) = t + 6. Let y be o(6). Calculate the remainder when 608/y + (-3)/(-9) is divided by 13.
12
Let i = 14 - 8. Let q = 0 - -16. Calculate the remainder when q is divided by i.
4
Suppose -2*n + 39 = i + n, 4*i = 2*n + 100. What is the remainder when 80 is divided by i?
26
Let z(r) = -10*r - 1. Let m be 1/(1/(9/(-3))). What is the remainder when z(m) is divided by (2 - 0) + -4 - -12?
9
Suppose 217 + 2 = 3*w. Suppose -3*s - 5*d - 16 - 18 = 0, 4*d = -8. What is the remainder when w is divided by 2/8 + (-198)/s?
23
Let f(l) = 11*l. Suppose 0 = 39*u - 36*u - 123. Calculate the remainder when u is divided by f(1).
8
Let g be (4/(-6))/((-3)/9). Suppose 3*s = g*s + 15. Calculate the remainder when 1 + -1*-1*s is divided by 9.
7
Let v = -3 + 4. Let s be 9 - (-2)/v - -1. Suppose 0 = -m + 6 + s. What is the remainder when 35 is divided by m?
17
Suppose 2*i = 5*n - 38, -n = -4*n + 5*i + 19. What is the remainder when 46 is divided by n?
6
Let f(j) = -4*j**3 - j**2 + 2*j - 1. Let i be f(1). Let z = 11 - i. Calculate the remainder when z is divided by 4.
3
Let n = 110 + -101. Let d = 23 - 10. Let s = -8 + d. Calculate the remainder when n is divided by s.
4
Suppose -6 = -3*z + 123. What is the remainder when 128 is divided by z?
42
Let f = -13 - -21. Suppose -4*v = -8*v - f. Calculate the remainder when 17 is divided by (-63)/(-14) - 1/v.
2
Let z = 6 + -2. Suppose 11 + 9 = z*n. What is the remainder when 7 is divided by n?
2
Let f(o) = -20*o + 4. Let y be f(-3). Let n = -38 + y. Calculate the remainder when n is divided by 14.
12
Let o(t) = t**2 - 5*t - 10. Suppose -13 = -5*s + 27. Let j(u) = -5*u + 2. What is the remainder when j(-5) is divided by o(s)?
13
Suppose -3*x - 2*x + 175 = 0. Suppose -4*f + 9*f - x = 0. Calculate the remainder when 19 is divided by f.
5
Calculate the remainder when 1/1 - (-47 + 8) is divided by 21.
19
Let o be ((-6)/1)/((-4)/6). Let i = o - 5. What is the remainder when ((-8)/(-6))/((-2)/(-15)) is divided by i?
2
Let i(r) = -r**3 + 5*r**2 - 3*r - 1. Suppose -4 = 4*p + 4, -3*u + 3*p + 48 = 0. What is the remainder when u is divided by i(3)?
6
Suppose -2*g - 2 - 6 = c, -4*c - 5*g - 17 = 0. Let i = -46 - -64. What is the remainder when 960/28 - c/7 is divided by i?
16
Suppose 0 = -2*r - 3*u + 29, -8*r - 3*u + 19 = -7*r. Calculate the remainder when 29 is divided by r.
9
Suppose -2*r + 6*r = 68. Calculate the remainder when 65 is divided by r.
14
What is the remainder when 73 is divided by ((-38)/(-8))/((-9)/(-36))?
16
Let m(i) = 4 - i - 3 + 0*i - 5*i**2. Let r be m(-2). Let l = -9 - r. What is the remainder when 15 is divided by l?
7
Suppose -a + 5*y - 6 + 40 = 0, -1 = a + 2*y. Calculate the remainder when 32 is divided by 